26063. What are the prime factors of f?
2, 5, 7, 43
Let v be 21/(-12) + 9/12. Let x be 2*(v + 2)*4. Suppose -r + 5 = -x. List the prime factors of r.
13
Let w = 31 - 26. Suppose 0 = 4*y - w + 21. Let t = 15 + y. What are the prime factors of t?
11
Let k(b) = -66*b**3 + 22*b**2 + 88*b + 21. List the prime factors of k(-4).
3, 5, 283
Let i(x) = x**3 + 12*x**2 + 8*x - 8. Let t be i(-10). Suppose 2*d - 32 = -z, 5*z - 2*d - t = -12. What are the prime factors of z?
2, 11
Suppose 0 = 2*b - 12 - 0. Suppose -c + b*c - 15 = 0. List the prime factors of (12/(-8))/(c/(-66)).
3, 11
Let n be 102/17*226/4. Suppose -c - n = -4*c. What are the prime factors of c?
113
Suppose -3*s - 6743 + 1280 = -4*g, 0 = -2*g + 2*s + 2732. List the prime factors of g.
3, 5, 7, 13
List the prime factors of 15360/((-210)/(-14)) - (5 - 1).
2, 3, 5, 17
Let g be 15*(20/(-12))/(-5). Suppose 0 = 3*d - z - 196, d = -3*d + g*z + 276. List the prime factors of d.
2
What are the prime factors of (197/(-3))/(6/(-93 + 3))?
5, 197
Suppose -4*z = -0*z. Suppose z*t + 4*t + 382 = 5*q, 0 = -2*q - 5*t + 166. What are the prime factors of q?
2, 3, 13
What are the prime factors of (4/(-1) - (-658)/141)*1179?
2, 3, 131
Let o(c) = 10*c**2 + 0 + 3 - 11*c**2 - 6*c + c**3 + 3*c. Let y be o(2). Suppose -15 + y = -r. What are the prime factors of r?
2, 7
Let f(c) = 168*c + 145. List the prime factors of f(14).
11, 227
Let h(c) = -c - 1. Let x be h(-5). Suppose t - 265 = -x*t. What are the prime factors of t?
53
Let p = 548 + 778. What are the prime factors of -1 + (p/14 - 2/(-7))?
2, 47
Let s be (-4)/(-6)*((-5)/(-10) + 4). Suppose s*w + v = 128, 3*w + 43 = -5*v + 155. List the prime factors of w.
2, 11
Suppose z - 81 = -3*y + 264, -2*y - 1068 = -3*z. List the prime factors of z.
2, 3, 59
Suppose 0 = -j + 4*z - 14, -4*j - 6*z + 28 = -z. Suppose 5*l + 5*i = 505, -j*i = 3*l - 8*l + 519. Let q = -46 + l. What are the prime factors of q?
3, 19
What are the prime factors of (411/(-6) + 0)*(-240)/15?
2, 137
Suppose -6*s = 36*s - 186858. What are the prime factors of s?
3, 1483
Suppose -13 + 8 = -5*a. What are the prime factors of -2 - -235 - a/(-1)*4?
3, 79
Suppose 2*u + 151 + 63 = 0. Let j = -46 - u. What are the prime factors of j?
61
List the prime factors of (1930 - 8) + (-8)/1.
2, 3, 11, 29
Suppose -4*y + 2*t + 466 = 0, -10*t - 117 = -y - 9*t. What are the prime factors of y?
2, 29
Let l(x) = -3*x - 15. Let d be l(-6). Suppose 3*c - 7 = q - 0, 3*c = -d. Let g = -6 - q. List the prime factors of g.
2
Let c be (-2)/(-6)*(19 - -2). Let u(b) = c*b**2 - 8*b**2 + 2*b**2 + 0*b**2. What are the prime factors of u(-4)?
2
Let s be (-14)/(-35)*20/2. Let b be 10/s*(-6 - -8). Suppose -b*q + 33 - 8 = 0. What are the prime factors of q?
5
Let g = -234 - -500. What are the prime factors of g?
2, 7, 19
Let g(n) = -n**2. Let m(w) be the second derivative of -5*w**4/12 + 11*w**3/6 + 17*w**2/2 + 7*w. Let o(d) = 6*g(d) - m(d). What are the prime factors of o(-7)?
11
Suppose 0 = 3*t + 96 - 348. Suppose -s + 5*p + 8 = -3, 4*p - t = -5*s. List the prime factors of s.
2
What are the prime factors of (-4)/((-16)/98)*6?
3, 7
Suppose 6*o + 10 = o. Let k(m) = -30*m + 1. Let z be k(o). Let b = 100 - z. List the prime factors of b.
3, 13
List the prime factors of (156/(-16))/13*-492.
3, 41
Let f = 208 + 186. List the prime factors of f.
2, 197
Suppose c = -5*n + 197 + 40, c = 4*n + 219. Let a = -160 + c. List the prime factors of a.
67
Let d(m) = 5*m**2 + 11*m. Let c(n) = -9*n**2 - 21*n. Let u(v) = -4*c(v) - 7*d(v). What are the prime factors of u(-8)?
2
Let w(l) be the second derivative of -6*l**2 + 2*l**3 - 11/12*l**4 + 1/20*l**5 - 3*l + 0. What are the prime factors of w(10)?
2
Suppose 5*l = l + 224. List the prime factors of l/42*21/2.
2, 7
Let f(d) = d**3 + d**2 - d + 1527. What are the prime factors of f(0)?
3, 509
Let w be (-1 - 0)*-40 + -4. Suppose -3*x = -x - w. What are the prime factors of x?
2, 3
Let t be ((-7)/(-2))/(6/84). Suppose j - 3*x = 73, 5*x = -2*j + t + 75. List the prime factors of j.
67
Let b be ((-1)/1)/((-3)/(-9)). Let z(s) = 15*s - 3. Let c(u) = -14*u + 3. Let o(k) = 5*c(k) + 4*z(k). What are the prime factors of o(b)?
3, 11
Suppose -1057*r = -1056*r - 1341. List the prime factors of r.
3, 149
Let r = 287 - 97. List the prime factors of r.
2, 5, 19
Let b(j) = 731*j + 169. List the prime factors of b(3).
2, 1181
Let f = 100 + -167. Let c = 4 - f. What are the prime factors of c?
71
Let t = -19 - -16. List the prime factors of (9/t)/(1/(-27)).
3
Suppose 15 = -3*u, -3*u - 455 = -3*j - 5*u. What are the prime factors of j?
5, 31
Let c(z) = -6*z**3 - 9*z**2 - 9. What are the prime factors of c(-5)?
2, 3, 43
Let p be ((-3)/(-2))/((-2)/(-12)). Suppose 4*g - 12 = 0, g = -2*s + 23 - 8. Let q = p - s. List the prime factors of q.
3
Suppose 0 = 8*l - 12129 - 4679. List the prime factors of l.
11, 191
Let s(z) = z**3 - 24*z**2 + 3*z + 15. Let n be s(24). Let m = 175 - n. List the prime factors of m.
2, 11
Let i = -76 + 269. List the prime factors of i.
193
Let m be -4*(-4)/4 + -2. Suppose 0 = m*c - 0*c - 12. What are the prime factors of (1 - 4)*(-32)/c?
2
Let j(s) = -2*s**3 + 10*s**2 - 17*s + 13. Let o(k) = k**3 - 11*k**2 + 16*k - 12. Let c(t) = 2*j(t) + 3*o(t). What are the prime factors of c(-15)?
2, 5, 23
Suppose 0*u - 17 = -2*u + 5*l, 5*u - 11 = 2*l. What are the prime factors of (2/(-6)*u*303)/(-1)?
101
What are the prime factors of 304/48 + -7 + (-10319)/(-3)?
19, 181
List the prime factors of (2439/(-12))/((-6)/24).
3, 271
Let i(m) = -4*m + 15. Let v(j) be the first derivative of -j**2 + 8*j + 2. Let f(c) = -3*i(c) + 7*v(c). What are the prime factors of f(-5)?
3, 7
Let v = 5914 + -3811. List the prime factors of v.
3, 701
Let v = -91 - -55. List the prime factors of (136/6)/((-8)/v).
2, 3, 17
Suppose 4*j - n - 15 = 0, 4*j + 3*n - 5 = 6*n. Suppose 42 = j*i + 17. List the prime factors of i.
5
Suppose 3*v - 22 = -4. Suppose 4*s + 464 = 5*g, 5*s + 364 = g + 3*g. Suppose -3*r = -v*r + g. List the prime factors of r.
2
Let l(w) = -w - 1. Let r(x) = 13*x - 18. Let z(p) = -6*l(p) - r(p). List the prime factors of z(-15).
3, 43
Let v = 787 + -512. List the prime factors of v.
5, 11
Let u = -483 + 845. What are the prime factors of u?
2, 181
Let l(c) = 61*c + 9. Let k be l(3). Let s = k + -94. List the prime factors of s.
2, 7
Let v(k) = 2*k**3 + 3*k**2 - k - 2. Let r be v(-2). Let t be 444/(-16) + 1/r. Let g = -20 - t. What are the prime factors of g?
2
Let s(i) = 4*i - 7. Let y(w) = w**3 + 8*w**2 + 7*w + 12. Let z be y(-7). Suppose 0 = z*c - 11*c - 6. What are the prime factors of s(c)?
17
Suppose -105 = 3*x - 381. List the prime factors of x.
2, 23
Suppose 5*g + 0*h - 3*h - 845 = 0, 3*g - 496 = 4*h. List the prime factors of g.
2, 43
Suppose 0 = -0*s + 17*s - 42891. List the prime factors of s.
3, 29
Let x(k) = 11*k - 11*k - 3 + k + 5*k. Let w be x(-4). Let g = w + 40. List the prime factors of g.
13
List the prime factors of 3*-4 - 107787/(-31).
3, 5, 7, 11
Suppose 7*p = 111 + 603. List the prime factors of p.
2, 3, 17
Let f(u) = 6*u + 757. What are the prime factors of f(0)?
757
Let y = -19 - -29. List the prime factors of 5/y*282 + -1.
2, 5, 7
Let k(n) = 2*n**2. Let y be k(-10). Suppose -4*b + 88 = -y. What are the prime factors of b?
2, 3
Let w(o) = -2*o**3 + 11*o**2 - 3*o - 8. Let v(a) = 5*a**3 - 23*a**2 + 7*a + 15. Let y(q) = -3*v(q) - 7*w(q). What are the prime factors of y(-9)?
2, 23
Let g = 36 + -16. List the prime factors of -1 + -5*(-24)/g.
5
Let o = -2124 - -5148. List the prime factors of o.
2, 3, 7
Let r = 855 + -430. List the prime factors of r.
5, 17
What are the prime factors of 1 - (19328/(-144) + (-4)/(-18))?
3, 5
Let w be (7 + 0)*(-10)/(-35). Suppose w*s - 3*s = -5*d - 14, 5*s + 4*d = -17. What are the prime factors of -2*1/s - -19?
3, 7
Let p(c) = -33*c**2 - c + 2. Let i be p(1). Let m = -9 - i. What are the prime factors of m?
23
What are the prime factors of (-1974)/(-14)*4/6?
2, 47
List the prime factors of 528/(-60) - -9 - (-938)/10.
2, 47
Let n(v) = -v**3 - 10*v**2 + 20*v + 65. What are the prime factors of n(-12)?
113
Let v(s) = -278*s + 6. Let m be v(1). Let d = 466 + m. List the prime factors of d.
2, 97
Suppose -3*r + 21 = -j, 16 = 4*r + 5*j - 31. Suppose -12 = -r*w + 5*w. Suppose d